 List the prime factors of 0 - (g/(-25))/(6/(-160)).
2
Let a(p) = -10*p - 9 - 2 + 12 - p**2 + 2*p**2. Let l be a(-7). Suppose -3*x - 2*x = -l. What are the prime factors of x?
2, 3
Suppose -2*v - 34 = -3*u, -2*u - 5*v - 9 = -0. Suppose 0 = -2*q - u + 172. What are the prime factors of q?
2, 41
Let q(u) = 228*u - 3. Suppose 0 = 10*o - 10 - 0. What are the prime factors of q(o)?
3, 5
Let h(f) = 3*f**3 - f - 2 + 5*f**2 + 4 - 2*f**3 + 1. Let o be h(-5). Let b = o + 9. List the prime factors of b.
17
Let a(z) = z**2 + 5*z - 4. Let i be a(-6). Let n(m) be the third derivative of 5*m**4/8 - 5*m**3/6 - 3*m**2. List the prime factors of n(i).
5
Let m(n) = -7*n - 18. Let x be m(-3). List the prime factors of (x + 0)*38/6.
19
Suppose 1546 + 326 = 3*u. What are the prime factors of u?
2, 3, 13
Let c(v) = 30*v + 4 - 30*v + 15*v. List the prime factors of c(9).
139
Let o(v) = -6*v - 19. Let b be o(-8). Let c = b - 32. Let m(t) = -29*t - 3. List the prime factors of m(c).
2, 3, 7
Let a(d) = 5*d - 4 + 3 + 0 - 2. List the prime factors of a(7).
2
Suppose -3*v + 3637 = -5*k, 0 = -3*v - 2*k + 1826 + 1776. What are the prime factors of v?
2, 7, 43
Let d(x) = -x**2 - 13*x + 4. Let y = 33 - 15. Suppose -3*o - y = 12. What are the prime factors of d(o)?
2, 17
Let c be ((-63)/(-5))/(3/15). Suppose 5*a = -233 + c. Let z = a - -96. What are the prime factors of z?
2, 31
Let p = -37 + 13. Let z = 66 + p. What are the prime factors of z?
2, 3, 7
Suppose -3*c + 5*c = -y + 929, 0 = 4*y - 4*c - 3716. What are the prime factors of y?
929
Let u = 247 + 273. What are the prime factors of u?
2, 5, 13
Suppose 2*n + 18 = 2*v, v + 2*n + 1 - 22 = 0. Suppose -2*m - 29 = u, 15 = -2*m - 2*u - v. Let f = m - -24. List the prime factors of f.
3
List the prime factors of (-40524)/(-9) + (14/(-6))/(-7).
3, 19, 79
Suppose 0 = 8*i - 822 + 62. Suppose 5 = 2*y - y. List the prime factors of 2/y - (-1862)/i.
2, 5
Let o = -17 - -78. Let v = 232 - o. List the prime factors of v.
3, 19
Let z = 12 - 2. Let d(q) = -8 + 11*q**2 - 9*q**3 + z*q**3 + 23 + 9*q. What are the prime factors of d(-10)?
5
Let p(o) = o**3 + 5*o**2 - o - 16. List the prime factors of p(-3).
5
Suppose 0 = 11*j + 2596 - 25454. List the prime factors of j.
2, 1039
Let m be (-498)/4 + 1/2. Let c = -55 - m. What are the prime factors of c?
3, 23
Let g(i) = i**3 - 7*i**2 + 5*i - 6. Let p be g(6). Let u = p - -63. What are the prime factors of u?
3, 17
Suppose 0 = g - 5*m + 148 - 896, -4*m - 2189 = -3*g. List the prime factors of g.
3, 241
Suppose 43*r - 22935 = 10*r. List the prime factors of r.
5, 139
Let j(g) = 91*g**3 - g**2 - 6*g + 4. List the prime factors of j(2).
2, 179
Suppose 8*c - 117 = 7*c. Suppose 2*n - c = 13. List the prime factors of n.
5, 13
Suppose 2*y + 0*y = 24. Suppose 2*h + 6 = 0, -3*k + 3*h - y = h. Let g(j) = j**3 + 5*j**2 - 9*j - 8. What are the prime factors of g(k)?
2, 5
Let o be (3530/25)/(2/30). What are the prime factors of o/36 - 6 - (-1)/6?
53
Suppose 0 = -3*j + 3*c + 18, -2*j + 3*c + 22 = 2*j. Suppose -3*n + 490 = j*n. What are the prime factors of n?
2, 5, 7
Suppose 0 = -44*n + 50*n - 1830. What are the prime factors of n?
5, 61
Let j = -86 - -669. What are the prime factors of j?
11, 53
Suppose 5388 = 26*z - 4570. List the prime factors of z.
383
List the prime factors of (1/(-3))/(-3*(-6)/(-8802)).
163
Suppose 0 = -5*v + 4*v + 180. What are the prime factors of v?
2, 3, 5
Suppose 3514 = 14*l - 7*l. Suppose 3*t + 753 = 3*b, -2*b + t + l = -3*t. List the prime factors of b.
251
Let z = -4154 - -5960. What are the prime factors of z?
2, 3, 7, 43
Let h(j) = 6*j - 7. Let n be h(9). Let z be -1*2 + (n - 5). Suppose z = 5*f - 70. List the prime factors of f.
2, 11
Let g = 206 + 106. What are the prime factors of (g/(-20))/((6/(-20))/3)?
2, 3, 13
Let r = 675 + -380. Let u = -152 + r. What are the prime factors of u?
11, 13
Let f(o) = 216*o - 117. What are the prime factors of f(2)?
3, 5, 7
Let w(n) = -3*n**2 - 4*n - 3. Let m(u) = 2*u**2 + 5*u + 3. Let i(h) = 4*m(h) + 3*w(h). Let t be i(9). Let q = 12 + t. What are the prime factors of q?
2, 3
Let t(p) = 72*p - 12. Let q be t(8). What are the prime factors of (q/16)/(62/(-16) + 4)?
2, 3, 47
Let n(m) = -2*m**3 - 4*m**2 - 3*m. Suppose -5*f = -2*l - 4, -l - 3*l - 8 = -f. Let i be n(l). What are the prime factors of (-3)/(-6)*(-2 + i)?
2
Let z(x) = 273*x**2 - 2*x. Let c be z(-1). Let r = c - 171. What are the prime factors of r?
2, 13
Suppose -2*x = 2*z - 74, 3*x - 47 = 2*x + 4*z. Suppose -x*v = -40*v + 104. What are the prime factors of v?
2, 13
Let y = 468 - 126. What are the prime factors of y?
2, 3, 19
Suppose 4*z - 4 = 28. Suppose 0 = 4*x - z + 4. What are the prime factors of -2*x*(-18)/12?
3
Suppose -537 = -5*w + 2*m - m, 2*m + 218 = 2*w. What are the prime factors of w?
107
Let y be (-5)/(-10)*4/1. Suppose y*o = 7*o. Suppose o*q - 4*g = 4*q - 196, 0 = 3*q - 5*g - 107. What are the prime factors of q?
2, 11
Let z be 0 - 1*0/1. Suppose 5*d + 80 = 3*u, z = -u - d - 2*d + 8. List the prime factors of u.
2, 5
Suppose 0 = -174*x + 185*x - 2376. List the prime factors of x.
2, 3
Let k = -119 - -174. Suppose 0 = c - 2*c - m + k, -4*c + 223 = 3*m. What are the prime factors of c?
2, 29
Let m be (0 - 18)*1 + -6 + 4. Let i = m - -29. List the prime factors of i.
3
What are the prime factors of (-36)/(-63) + 12830/14?
7, 131
Suppose -3*l + 6 = 0, 4*l - l - 11091 = -c. What are the prime factors of ((-2)/(-14) + c/(-175))*-5?
2, 79
Suppose -2*u + 3*u + 13 = 0. Let w = u - -11. Let i = 6 + w. What are the prime factors of i?
2
Suppose 3*f - 3228 = -3*d, 5*d - 5416 = 6*f - 2*f. Suppose -30*s + 24*s + d = 0. List the prime factors of s.
2, 3, 5
Suppose -7*n = -2*n - 1195. Suppose -2*t + r + n = 0, -3*r + 5*r = -6. What are the prime factors of t?
2, 59
Suppose -3374 = -4*c - v + 2*v, 0 = 5*c + 5*v - 4230. List the prime factors of c.
2, 211
Suppose 4*i + y - 11 = 2*y, 2*i + 3*y = -5. Suppose 4*k + h = 842, k + 4*h = i*h + 214. List the prime factors of k.
2, 3, 5, 7
Let g be (-1)/((-5)/(-290)) - 4. Let r = g - -139. List the prime factors of r.
7, 11
Let w(h) = -h**3 - 4*h**2 - 2*h + 2. Let p be (3/(-6))/((-4)/(-24)). Let z be w(p). List the prime factors of (z + -84)*40/(-50).
2, 17
Let l(y) = -y**3 + 8*y**2 + 20*y + 1. Let p be l(10). What are the prime factors of (-620)/(-40)*((-1 - p) + 10)?
2, 31
Suppose 5*c = 2*d + 81, 3*d + 93 = 4*c + 24. Suppose c*f - 195 = 12*f. What are the prime factors of f?
5, 13
Let d be -3*(0/(-3) - 3). Let f(v) = 5*v + 51. Let k be f(-11). Let j = d + k. List the prime factors of j.
5
Let z(b) be the second derivative of b**4/12 - 3*b**3/2 + 7*b**2/2 + 10*b. What are the prime factors of z(10)?
17
Let j(f) = -2*f**2 - 42*f - 6. Let r be j(-21). Let h(w) = w**3 + 11*w**2 + 4*w + 6. List the prime factors of h(r).
2, 3
Suppose -15*a = -244 - 8786. List the prime factors of a.
2, 7, 43
Let y(c) = -c**2 - 16*c - 8. Suppose 7*i + 176 = -9*i. List the prime factors of y(i).
47
Let y(r) = 2*r - 4*r + 21 + 20 - 44. Let z(f) = -2*f - 4. Let o be z(4). What are the prime factors of y(o)?
3, 7
Suppose -3*v = -1778 + 320. What are the prime factors of v?
2, 3
Suppose 0*x - 3*x = -225. Let r = x + -12. List the prime factors of r.
3, 7
Let r(x) = 22*x + 48. List the prime factors of r(4).
2, 17
Let g(u) = -u**2 + 31*u + 107. What are the prime factors of g(25)?
257
Suppose 34 = -4*m - 3*y + 307, 15 = 5*y. List the prime factors of m.
2, 3, 11
Suppose 0 = -5*t + 6*t + 1. Let p(n) = n**2 - n. Let d(s) = -s**2 - 7*s - 1. Let f(z) = t*d(z) + 5*p(z). What are the prime factors of f(-2)?
3, 7
Suppose -3*t + 216 = -1161. What are the prime factors of t?
3, 17
Let u(z) = 80*z**2 + 15. What are the prime factors of u(4)?
5, 7, 37
Suppose -98*l + 85*l + 32162 = 0. List the prime factors of l.
2, 1237
Let i be 1848/63*15/2. Let f = -65 + i. What are the prime factors of f?
5, 31
Let i(w) = 102*w - 225. List the prime factors of i(6).
3, 43
Suppose w - 4*q - 727 = 0, 805 - 78 = w + 3*q. Suppose 4*v - w = -0*y + y, -4*y + 20 = 0. What are the prime factors of v?
3, 61
Let a = 31 + 238. What are the prime factors of a?
269
Let w(d) = d - 6. Let x be w(-6). Let j be ((-14)/(-3))/(x/36). Let f = j - -43. List the prime factors of f.
29
Let r = 27 + -17. Suppos